-2*k + 958 = y. What is the highest common divisor of k and q?
60
Suppose 4*b - 665 = -5*c - b, 4*c + 5*b - 537 = 0. Let f be 0/1 + -1 - -58. Suppose -61*g + c = -f*g. Calculate the highest common factor of 48 and g.
16
Let y = -12932 + 14997. What is the highest common divisor of 315 and y?
35
Let v = -64 - -133. Suppose -269 = -5*c + i - v, 120 = 3*c - i. Let o = -24 + 32. Calculate the greatest common factor of o and c.
8
Let q = 197 - 185. Let k be (-2)/q - (-109)/6. Calculate the highest common factor of k and 6.
6
Suppose -g + 3470 - 3444 = 0. Calculate the greatest common divisor of g and 6487.
13
Suppose x = 3, -f + 6*x = 4*x + 55. Suppose 0 = -0*p + 4*p - 304. Let g = f + p. What is the greatest common factor of 36 and g?
9
Suppose -931 - 15071 = -127*s. Calculate the greatest common factor of s and 3042.
18
Suppose l = s + 1, 2*l - 1164*s + 1160*s = 0. What is the highest common divisor of 2126 and l?
2
Let w be 737/(-55) + 3 - (-2)/5. Let v be w/(-12) + 9459/54. Let y be (-31)/(-2) + (-2)/(-4). Calculate the greatest common factor of v and y.
16
Let x(m) = -530*m - 191242. Let t be x(-361). Let r be ((-88)/6)/(2/(-21)). What is the greatest common divisor of t and r?
22
Let d(t) = -t**3 - 4*t**2 - t + 4. Let b be d(-4). Suppose f - b + 1 = -2*v, 3*f = 4*v + 31. Calculate the greatest common factor of f and 45.
9
Let i be (-10)/(-2)*18/45. Suppose -2*v = j + 11, -4*v + 3 = -j - i*j. Let l be v/(-2)*464/24. What is the highest common divisor of 29 and l?
29
Let u be 0/(-1 - (-4 - -2)). Let s be 8/(3 + -1 - u). Suppose 11 = q + s*z, -3*z = -5*q + 3*q + 11. Calculate the greatest common factor of q and 77.
7
Suppose -4*o + 2*w = -100, 2*w + 26 = 5*o - 98. What is the greatest common factor of o and 4616?
8
Let o be 16/6*7/(70/15). Let z be 63 + 16/o*(-3)/(-12). What is the highest common factor of 64 and z?
64
Let o = 10905 + -5280. What is the highest common divisor of o and 250?
125
Let p = -6 + 9. Let x(w) be the second derivative of 8*w**3/3 - 11*w**2/2 - 5*w - 7. Let z be x(p). Calculate the highest common factor of 259 and z.
37
Let i = -1772 - 1061. Let m be (i - -1)*98/(-196). Calculate the highest common divisor of m and 24.
24
Let l be 105/210*(-2 + 10*-1) - -36. What is the greatest common divisor of 33 and l?
3
Let b = -79 - -79. Suppose b = 23*q - 2*q - 1449. What is the greatest common divisor of 115 and q?
23
Suppose 21 + 57 = 30*k - 12. Let g = 418 + -259. What is the greatest common factor of g and k?
3
Let d be (-25)/(-30) + 3/(18/(-2351)). Let r = d + 420. Calculate the greatest common factor of 29 and r.
29
Let d be (-2)/22 - (-36)/396. Suppose d = -9*q + 1269 + 1251. Calculate the greatest common divisor of 200 and q.
40
Let t(p) = 6*p**2 + 6*p + 3. Let h be t(-5). Let r = -990 + 1154. Calculate the greatest common divisor of r and h.
41
Suppose f + 18 - 25 = 0. Let g = 55 - f. Calculate the highest common factor of 120 and g.
24
Suppose 0 = -4*s + 153 - 125. Let d be 4 + 1 + (s - 3) - 1. Calculate the greatest common divisor of d and 1.
1
Suppose -4*o = 4*j - 68, -o + 53 = 2*o + 2*j. Let d = o - -49. Calculate the greatest common factor of 170 and d.
34
Let n(p) = p - 3. Let o be n(6). Suppose 5*c - i - 206 = -3*i, 0 = -4*c - o*i + 162. What is the highest common factor of c and 336?
42
Suppose -2*l - 3*x = -2*x - 15, 2*l - 2*x = 0. Let d be 4/26 - 6137/(-247). Let a = d - l. Calculate the greatest common factor of 4 and a.
4
Suppose -9*j + 5*j - 44 = 0. Let w be (j/4)/((-34)/16 + 2). What is the greatest common divisor of w and 198?
22
Suppose -3*x + w - 3*w = 5, -17 = -5*x + 3*w. Let v be (-2)/x - -1 - -81. Let q be (2 + -7 - -4)*-1*20/4. Calculate the highest common divisor of v and q.
5
Let j be 3/(27/322) - 14/(-63). Let x be (33/18 - 2)*4*j. Let b be (-3)/(-2) - 108/x. What is the greatest common factor of 48 and b?
6
Let u(c) = -c**3 + 8*c**2 - 1. Let g be u(8). Let n be (-356)/(-1 + -3)*g. Let o = 114 + n. What is the highest common divisor of o and 25?
25
Suppose 31 = -37*h + 43*h - o, 3*o - 27 = -2*h. Calculate the highest common divisor of h and 1014.
6
Suppose -23*x + 493 = 57 - 645. Calculate the highest common divisor of 13207 and x.
47
Let y(x) = 11*x**2 + 2*x - 37. Let q(o) = -10*o**2 - 2*o + 36. Let i(v) = -5*q(v) - 4*y(v). Let n be i(4). Calculate the highest common factor of 24 and n.
24
Suppose 3*v - 253 = -2*p, -4*p = -26 + 30. What is the highest common factor of 680 and v?
85
Suppose 40*v - 4692 = -6*v. Suppose -q - 45 = -v. What is the greatest common factor of q and 6?
3
Let t(v) = 595*v - 1. Let k be t(2). Let j = -787 + k. Suppose 5*w = -a + j, -4*a - w + 1630 = -3*w. What is the highest common factor of a and 37?
37
Let g(c) = 3*c**3 - 5*c**2 + 6*c + 60. Let m be g(8). What is the highest common divisor of 18 and m?
2
Let v(b) = 6*b + 7. Let w be v(-3). Let d(u) = -u**3 - 11*u**2 - 13*u - 5. Let l be d(w). Calculate the highest common divisor of 12 and l.
6
Suppose -31*u = -26*u + 5*f - 10, 2*u - 4 = -5*f. What is the greatest common factor of 223 and u?
1
Suppose 2 + 2 = o - i, -10 = -o - i. Let v be 45 + -49 + -1 + 3 - -6. Suppose -23 = v*n - o, 3*f = -4*n + 332. What is the greatest common divisor of 290 and f?
58
Suppose -4*g - a + 2*a = -57, -10 = 2*a. Let k(d) = 11 + 90*d + 8 + 27 - 87*d. Let w be k(-11). What is the greatest common factor of w and g?
13
Let t be -2*(-66)/(-36)*3. Let h(m) = -12*m + 38. Let s be h(t). Calculate the highest common factor of s and 10.
10
Let m = 10071 - 10039. Suppose 155 = 6*n - 133. Calculate the greatest common divisor of n and m.
16
Let o be (-2)/6 - (-49)/(-42)*-2. Suppose 3*b - 5 = -l + 19, o*l = -b + 43. What is the greatest common factor of 3 and l?
3
Let n be (-5)/20 - 483/(-12). Let j be (-34280)/(-45) - (-4)/18. Suppose 5*r + 262 = j. What is the greatest common divisor of n and r?
20
Suppose h + 4612 + 1091 = -3*c, c - 2*h = -1894. Let m be c/(-175) - (-2)/14. Calculate the greatest common divisor of 77 and m.
11
Suppose -4*s - 2*r + 14 = 0, 3*r = 3 - 6. Suppose 0 = 3*n - s*k - 292, 4*k - 482 = -5*n + 6*k. Calculate the greatest common divisor of 12 and n.
12
Suppose 0 = 35*v - 104*v + 4623. What is the greatest common divisor of v and 5829?
67
Let q(r) = 27*r + 1. Let o be q(2). Let p = -814 + 979. Suppose 0 = -34*u + u + p. What is the highest common divisor of u and o?
5
Let j = 2594 + -2540. Calculate the greatest common divisor of 276 and j.
6
Suppose 2*b - 910 = -3*l, l + 20 = 6*b + 330. Calculate the highest common factor of 208 and l.
16
Let c(b) = 13*b**2 + 33*b - 169. Let p be c(-13). What is the greatest common divisor of p and 156?
39
Let s = 8 + 3. Let c = 493249 + -492336. Calculate the greatest common divisor of s and c.
11
Suppose 3*o = 0, -7*o + 5*o = -3*y + 42. Let a be (-9)/(-12) - 26/(-8). Let t be (2/a)/((15/(-756))/(-5)). Calculate the greatest common factor of y and t.
14
Suppose 0 = -11*z - 16*z + 764 + 154. What is the greatest common divisor of z and 170?
34
Let p be 17 - ((-18)/3 - -8). Suppose 0 = -53*h + 1572 + 5583. What is the greatest common factor of h and p?
15
Suppose -810 - 1698 + 285 = -13*p. What is the highest common factor of p and 38?
19
Let d(b) = -44 + 4*b + 3*b - 4*b + 5*b. Let f be d(9). What is the highest common divisor of f and 16?
4
Let l be (-37394)/(-56) + 10/8. What is the highest common factor of 12 and l?
3
Let r(a) = -23*a - 10 - a**2 - 10 + 7*a**2 - 2*a**2. Let h be r(14). Suppose -h = -w - 12*w. Calculate the highest common divisor of w and 34.
34
Suppose 6*k - 1764 = -3*r, -5*r + 195*k - 194*k + 2907 = 0. Calculate the greatest common divisor of 23571 and r.
291
Let r = -642 + 1390. Let g be (1 + -23)/((3/45)/1 + (-5100)/9000). What is the greatest common factor of r and g?
44
Let g = 14 - -13. Let n be 2 + (-66)/32 + ((-7140)/320)/(-21). Calculate the highest common divisor of n and g.
1
Let r(n) = -n**2 + 9*n - 4. Let o be r(7). Let g be o + 0 - -3*(-3 - -2). Suppose -g = -6*q + 29. Calculate the highest common divisor of q and 14.
2
Let o = -81 + 115. Suppose -o*u + 26*u = -608. Let k = -36 + u. Calculate the greatest common divisor of 10 and k.
10
Let w(f) = -862*f + 10425. Let t be w(12). What is the highest common factor of 252 and t?
9
Suppose -2343 - 89 = -4*y - x, -3*